ate the highest common divisor of z and 99.
99
Let y(f) = -33*f**2 + 1092*f - 3824. Let i be y(4). Suppose -2*b + 0*b = 5*m - 98, -m - b = -19. Calculate the highest common divisor of m and i.
4
Let f = -773 + 777. Suppose -2*h + 6*h - 2*i - 90 = 0, -5*i = -f*h + 87. What is the greatest common factor of h and 1081?
23
Let x = -12 + 7. Let d(m) = -m**2 - 5*m + 1. Let h be d(x). Suppose 8 = -2*a, -2*y + 9*a - 13*a - 2 = 0. Calculate the greatest common factor of h and y.
1
Suppose -3*o - 5*p = -97 - 260, 0 = -3*o + 2*p + 336. Let y = 2622 - 2470. Calculate the highest common factor of o and y.
38
Let x be -1 + 25914 + 21/3. What is the highest common factor of x and 162?
162
Let p(x) = 2*x**2 - 8*x - 36. Let t be p(-4). Let i = 4 + 59. Calculate the greatest common factor of i and t.
7
Let g = 43 + -39. Suppose 0 = y + g*f + 15 + 2, 0 = 2*y - 4*f + 46. Let c = -15 - y. Calculate the highest common factor of 3 and c.
3
Suppose -30*y + 17353 = -79457. Calculate the highest common divisor of y and 7.
7
Let o(l) = -l**2 - l + 11. Let y be o(-3). Suppose -3*f + 36 = 3*a, -y*a + 66 = 4*f - f. Let i be 156 - 10/a*6. What is the greatest common divisor of 19 and i?
19
Let k(t) = -t - 6. Let a be k(-3). Let z be a + 608/(4/1). Suppose v = -2*u + z, 3*u - 10 = 3*v - 430. What is the greatest common divisor of 13 and v?
13
Let c(z) = 4*z**2 + 108*z + 1186. Let m be c(-61). Calculate the greatest common factor of m and 22.
22
Let x(q) = q**3 + 8*q**2 - 229*q + 31. Let o be x(13). Let g(z) = 2*z**2 - 9*z + 11. Let u be g(8). What is the highest common divisor of o and u?
67
Suppose 2*w = -3*s - 6, 9*w = 4*w + 3*s + 27. Suppose -28 = w*u - 136. Calculate the greatest common factor of u and 8.
4
Suppose 3*l - 2*q - 114 = 0, 5*l + q = -0*l + 190. Let m be 40/(-15)*(-1)/(12/1197). What is the highest common divisor of l and m?
38
Suppose 763*r - 818*r + 45760 = 0. What is the greatest common divisor of 26 and r?
26
Let k(i) = -2*i**3 + 88*i**2 + 10*i - 72. Let o be k(44). Let s = -300 + o. What is the highest common factor of 34 and s?
34
Let u(z) = z**3 + 23*z**2 - 9*z - 35. Let n be u(-23). Suppose 16*i - n = 20. Calculate the greatest common divisor of i and 15.
3
Let i = -5750 + 10895. What is the highest common divisor of 105 and i?
105
Let a be (((-39)/15)/(3/(-15)))/((-2)/(-4)). What is the highest common divisor of 6682 and a?
26
Let n(j) be the third derivative of -2*j**4/3 + 28*j**3/3 + 3*j**2 + 29*j. Let s be n(-20). Calculate the greatest common factor of 47 and s.
47
Let d(b) = b**3 - 45*b**2 - 21*b - 56. Let c be d(47). Suppose 0 = -104*k + 95*k + c. Calculate the greatest common factor of 25 and k.
25
Let f be 7 - -69 - (-3)/3. Let r = 242 - f. Let g(x) = -9*x + 83. Let o be g(8). Calculate the highest common factor of r and o.
11
Let n = 9 - 8. Suppose 0 = -6*r - r + 50*r - 473. What is the greatest common divisor of n and r?
1
Let c be (488/6)/(4/6). Suppose c = 3*t - 70. Let b be (-965)/(-20) - 1/(-4)*-1. What is the greatest common factor of t and b?
16
Suppose 0 = 4*d + 3*u - 16, d - 12 = -2*d - 4*u. Let w be 6/d*((-573)/(-9) - 1). What is the highest common factor of 47 and w?
47
Let s(u) = 2*u**3 - 12*u**2 + 24*u - 56. Let h be s(5). Let v(l) = l**2 - 4*l - 8. Let o be v(6). What is the highest common factor of h and o?
2
Let f be (-111)/(-74)*(-848)/6. Let i = 213 + f. Calculate the greatest common divisor of i and 25.
1
Let a be ((-27)/(1485/(-154)))/(82/40 + -2). What is the highest common factor of a and 28?
28
Let t(h) = -4 + 3*h + 25 + h**2 - 11. Let k be t(-3). Calculate the greatest common divisor of k and 115.
5
Let f = 315 + -332. Let v be 13/(-13)*(f - 0). Suppose -2*u = -118 - 52. Calculate the highest common divisor of v and u.
17
Let c be (-3)/3*1 - -2. Suppose -108 = -3*r - z, 0 = -2*r - 4*z + 141 - 79. Calculate the highest common factor of r and c.
1
Suppose k - 11 = -5*y + 15, 5*y - 20 = 0. Calculate the greatest common divisor of k and 543.
3
Let c = 20776 - 20551. What is the greatest common factor of c and 9?
9
Let m(q) = 15*q + 1. Let y be m(4). Let b = 73 - y. Let u(a) = 3*a - 21. Let z be u(b). What is the greatest common factor of z and 135?
15
Let j = 68 - 34. Let r = 19809 - 19537. Calculate the greatest common divisor of j and r.
34
Suppose -73986 = -21*a + 4071. Calculate the highest common divisor of a and 27.
9
Let r(g) = 37*g - 278. Let w be (-210)/245 + (-194)/(-14). Let j be r(w). What is the greatest common divisor of j and 29?
29
Let z be (210/245)/((-9)/(-147)). Let a(x) = -33*x - 7. Let t be a(-7). What is the greatest common factor of z and t?
14
Let i(h) = h**3 + 2*h**2 - 2*h + 6. Let l be i(-4). Let q be l/24 - (-805)/28. What is the highest common factor of 98 and q?
14
Suppose -3*d + 52 = l, 3*d = -0*l - 5*l + 224. Let w = -21 + l. What is the greatest common factor of 77 and w?
11
Suppose 2*k = 4*q + 304 - 4594, 0 = -q - k + 1068. Calculate the greatest common factor of 27 and q.
9
Let l(r) be the first derivative of r**4/4 - 28*r**3/3 + r**2 + 8*r + 162. Let b be l(28). Let z be -2 + 6*9/3. What is the highest common divisor of z and b?
16
Let i(a) = 2*a**2 - 9*a - 123. Suppose -268 = 7*d - 205. Let y be i(d). Calculate the greatest common divisor of 5 and y.
5
Let i(a) = 244*a + 1011. Let c be i(23). Calculate the greatest common factor of c and 537.
179
Suppose -13*z + 10*z + 135 = 2*i, 4*z - 2*i = 180. Suppose 2*y - 141 = -z. Calculate the highest common divisor of y and 176.
16
Let n(l) = -l**2 - 6*l + 273. Let r be n(0). Suppose 0*z - 2*z + s = -119, 5*s = -4*z + r. What is the greatest common divisor of 93 and z?
31
Let z(w) = 4*w - 6. Let p be z(6). Suppose -7*u - 2*u + 72 = 0. Let f = p - u. Calculate the highest common factor of f and 2.
2
Let k(f) be the second derivative of -f**5/20 - 11*f**4/12 + 7*f**3 + f**2 + 68*f. Let z be k(-14). What is the highest common divisor of z and 14?
2
Let w(r) = -2*r + 16. Let z be 52/(-10) + 1/5. Let o = -11 - z. Let q be w(o). What is the greatest common divisor of 4 and q?
4
Let k = -189 + 189. Let m(f) = -f**3 + 2*f + 50. Let l be m(k). What is the highest common divisor of 400 and l?
50
Let s(w) = w**3 - 10*w - 2. Let k be s(5). Let t = k - 48. Suppose -111 = -4*d - 3*c, d = -4*c + 6 + t. What is the highest common factor of d and 18?
9
Let o be (-24)/12*(-1155)/66. Calculate the highest common factor of o and 679.
7
Let k be (4/(-20)*-25)/((-2)/48). Let b be -1*(10 + -5 + k). Calculate the greatest common divisor of 46 and b.
23
Let r = 0 - 4. Let a be 1/(-5) + r + 41/5. Suppose -a = -6*x + 4*x. Calculate the highest common factor of x and 2.
2
Let k(o) = o - 24. Let f be k(11). Let s = f - 116. Let g = -63 - s. What is the greatest common divisor of g and 6?
6
Let l = 8086 - 3526. Calculate the greatest common factor of 180 and l.
60
Suppose -31*f - f = 26*f - 1914. Let p be (-1 - 0)*-141 + 2. What is the greatest common divisor of f and p?
11
Suppose -4*p - p + 2366 = -3*b, -2*b + 468 = p. What is the highest common divisor of p and 24?
8
Let h = 96 + 14. Let x = h - 73. What is the highest common factor of x and 259?
37
Let c(v) = 55*v**2 + 15*v - 3. Let m be c(-4). Calculate the highest common factor of 129 and m.
43
Suppose -11 + 185 + 204 = 9*d. Suppose 0 = 4*z + z - 560. What is the highest common factor of d and z?
14
Suppose 0*b + 12 = i - 3*b, -2*i + 19 = -5*b. Let n be (56/6)/(-4)*i. Suppose -n - 26 = -j + v, 0 = 3*v - 9. What is the highest common divisor of j and 60?
12
Suppose -4*o + 63 = -81. Suppose o*s - 378 = 9*s. What is the greatest common factor of 224 and s?
14
Let s(x) = 6*x - 55. Suppose -7*y = 20 - 90. Let a be s(y). Suppose 0 = a*t - 4*t - 13. What is the highest common factor of 13 and t?
13
Let d = -48 - -63. Let g be -4 + 2285/d*3. Suppose 3*w + 263 = 4*r - 170, -g = -4*r - w. What is the greatest common divisor of r and 16?
16
Suppose -l = 2*w - 0*l - 38, -3*w = 3*l - 63. Suppose -12208*q + 510 = -12206*q. What is the highest common divisor of w and q?
17
Suppose -47*y + 0*y + 285572 = 0. Suppose 0 = -84*f + 77*f + y. What is the greatest common factor of f and 62?
62
Suppose 5*w + 4*f - 81 = 2*w, 3*f = -18. Calculate the greatest common factor of 70 and w.
35
Let x(l) = 17*l - 5*l + 8*l**2 + 9 - 8 + 1. Let g b